t w(n) = -n**2 + n. Let q(i) = i**3 - 10*i**2 + i - 11. Let y(t) = q(t) - 6*w(t). What is the units digit of y(6)?
1
Let t = -50 - -52. What is the tens digit of (-587)/(-5) - ((-48)/(-20) - t)?
1
Let y(f) = -635*f**3 + 3*f**2 + 3*f + 1. Let u be y(-1). Suppose 2*r - u = -2*r. What is the tens digit of r?
5
Let j = -19 + 22. Suppose -9 = j*x, -g + 9 = x - 36. What is the units digit of g?
8
What is the tens digit of 91*1*(-360)/(-28)?
7
Let t(n) = 175*n**2 + 7*n - 1. What is the units digit of t(-4)?
1
Suppose 4*z - 15 = z. Suppose -2*c - 77 = -5*i - 4*c, z*i = 3*c + 97. What is the tens digit of i?
1
Let c = -284 - -297. What is the units digit of c?
3
Let v(y) = y**2 + 8*y + 8. Let m be v(-6). Let j(n) = n - 1. Let z be j(-1). What is the tens digit of (m - z - 16)/(-1)?
1
Let k = -14 - -17. Suppose -5*l = -k*h + 167, -2*h + 7 + 25 = -l. Let c = l + 58. What is the tens digit of c?
2
Let n(p) = -p**3 - 7*p**2 + 7*p - 5. Let u be n(-8). Let v be (u - (-1 - -7)) + -123. Let l = v - -193. What is the tens digit of l?
6
Let r = -5 + -117. Let u = r - -263. What is the tens digit of u?
4
Suppose c + 4*d - 12 = 0, c - 22 = -4*c - d. Let u = c + -1. Suppose -f + 17 = 2*x, 0 = 2*x + u*x. What is the tens digit of f?
1
Let u be 47*(-2 - -3) - 1. Let b(h) = h**2 + 5*h + 1. Let n be b(-6). Suppose -5*m = -n*m + u. What is the tens digit of m?
2
Suppose -19*t = -4179 + 1139. What is the hundreds digit of t?
1
Suppose 16*o - 22211 = -5795. What is the thousands digit of o?
1
Suppose 0 = 5*c - 5*s + 550, 0*c - 5*s = 3*c + 330. Let z = c - -164. What is the units digit of z?
4
Suppose n - 260 = 2*z, 5*z = 4*n - 984 - 44. Suppose 28*r - 31*r = -n. What is the units digit of r?
4
Suppose -6 = 3*q, -4*q + 1164 = 3*d - 1204. What is the tens digit of d?
9
Let b(v) = -v**2 + 7*v + 5. Let i be b(6). Let d = i - 8. Suppose 3*o - 33 = -3*n, 0 = -d*n - 4*o + 14 + 19. What is the tens digit of n?
1
Suppose 2*b = -4*p - 0*p + 1156, 5 = -5*p. What is the hundreds digit of b?
5
Suppose 2*t - 5*t = -63. Let m = -15 + t. Suppose -m*i + 50 = -4*i. What is the units digit of i?
5
Let q(w) be the first derivative of -w**2 - 9*w + 7. What is the units digit of q(-10)?
1
Suppose c = -5*f + 218, -c + 6*c = -4*f + 1153. Suppose -13 = 5*v - c. What is the units digit of v?
4
Let n(h) = -h**3 + 35*h**2 - 33*h + 39. What is the units digit of n(34)?
3
Let l = 287 - 211. Suppose 0 = 4*z - 2*m - 28, -4*z = -2*z - 3*m - 22. Suppose -n = -z*n + l. What is the tens digit of n?
1
Suppose -5*f + 7109 + 4571 = -4*l, -3*f = 2*l - 6986. What is the tens digit of f?
3
Suppose -11*z + 115 = -171. What is the units digit of ((-876)/(-10))/(z/65)?
9
Suppose 0 = g + 4*g - 5*n - 70, -3*g + 28 = 4*n. Suppose g*t - 174 = 10*t. Suppose 2*c - 4*c + x = -71, 0 = 3*c + 5*x - t. What is the units digit of c?
4
What is the tens digit of 510*8/50*5?
0
Let o(u) = -2*u - 2. Let h be o(-6). Let i be (7 - 200/30) + (-46)/3. What is the tens digit of (-189)/i + 4/h?
1
Let k(r) = 13*r**3 - r**2 + r + 1. Let w be (-6)/(-3) - (-1 + 4). Let f be k(w). Let s = f - -24. What is the tens digit of s?
1
Suppose c + b = 3, -2*c - 2*c + 3*b + 26 = 0. Let a be c/3 - (-6)/18. Suppose 2*n - 4*u = 74, -u = -n - a*u + 43. What is the tens digit of n?
4
Suppose 14*j - 15*j = -5207. What is the units digit of j?
7
Let n = -28 - -24. What is the tens digit of 5/(40/142) + (-1)/n?
1
Suppose -2*r - 7*n = -10*n - 4831, 2*r - 4866 = -4*n. What is the units digit of r?
3
What is the hundreds digit of (26 + -134)/(26/16 - 2)?
2
Suppose -111 = -5*l + 2*n, l + 3*n - 27 = n. Let o = l + 10. What is the units digit of o?
3
Let q = -258 - -347. What is the tens digit of q?
8
Let i = 70 + -50. What is the tens digit of 2/10 - (-1076)/i?
5
Suppose 3*f + 4*n - 203 = 0, 2*f = 3*f + 3*n - 61. Suppose -4*c = -2*a - 456, f = -3*c - 3*a + 397. What is the tens digit of c?
1
Suppose x - 5*w + 33 = 0, -2*x - 16 = -3*w + 15. Let t be x + -6 - (1 + -3). What is the units digit of t/(-6) + 20*1?
2
Suppose 2*g + p - 2745 = -2*g, 5*g - 5*p = 3400. What is the tens digit of g?
8
Let j(d) = 11*d**2 - 9*d + 95. Let k(o) = 6*o**2 - 4*o + 47. Let b(q) = 3*j(q) - 5*k(q). What is the hundreds digit of b(6)?
1
Suppose -2*b + v + 0*v = 230, v = -3*b - 345. Let k = 24 - b. What is the tens digit of k?
3
What is the hundreds digit of (-4)/14 - 14886/(-63)?
2
Let n = -19 + 19. Let d(u) = n*u**3 - u**3 + u**2 + 6*u**3. What is the units digit of d(2)?
4
Suppose 0 = -5*y + 7 + 3. Let s be ((-12)/(-18))/(y/180). Suppose a - s = -4*i - 0*a, 18 = i + a. What is the units digit of i?
4
Suppose -1008 = -5*l - f + 490, -3*f + 607 = 2*l. What is the tens digit of l?
9
What is the units digit of (-14 - (-7 + -6))*1*-445?
5
Suppose -91*r = -89*r + 60. Suppose -2*u = -4*w - 290, -2*u = -4*w + 8*w + 294. Let a = r - w. What is the tens digit of a?
4
Let m = 0 + 2. Suppose -b - 3*o + m = 0, -2*o + 1 + 3 = 2*b. Suppose -5*z = -b*s - 80 - 10, -2*z + 47 = -3*s. What is the tens digit of z?
1
Suppose -3*m + 2*m = -448. Suppose 0 = -v - 6*v + m. What is the units digit of v?
4
Suppose -3*v - 3*b + 4404 - 1428 = 0, -4*b + 8 = 0. What is the units digit of v?
0
Let n = -15 - -28. Suppose 5 = 2*j - n. Suppose 0*w = w - j. What is the units digit of w?
9
Let d(f) = -2*f - 15. Let p be d(-9). Suppose -i = p*i - 244. What is the units digit of i?
1
Let g(k) = 9*k + 0 + 6*k - 3. Let a be g(5). Suppose 4*f - 12 - a = 0. What is the units digit of f?
1
Suppose 4*z - 4 = -3*r + 19, 2*r + 3*z = 17. What is the units digit of (125 - (3 + -1))/r?
3
Suppose 4*i + 5 = -i. Let f = i - -5. Suppose -7*u = -2*u - f*s - 8, -s - 5 = -2*u. What is the units digit of u?
4
Suppose 4*q - 7 = -19. Let i(j) = -6*j**3 - j**2 + 3*j - 4. What is the tens digit of i(q)?
4
Let p be ((-198)/330)/(-1*(-1)/(-10)). What is the hundreds digit of 1622/p - (-10)/15?
2
Let f(n) = 61*n**2 - 13*n + 37. What is the units digit of f(4)?
1
Suppose 5 - 4 = m. Let l = m - 1. Suppose -2*y - 5*r = -145, -2*y - 2*r + 0*r + 130 = l. What is the tens digit of y?
6
Let z(x) = -x**3 - 25*x**2 - 9*x + 24. What is the tens digit of z(-25)?
4
Suppose 0 = -4*o + 3202 - 114. What is the units digit of o?
2
Let g(x) = x**3 + 13*x**2 + x + 8. Let u be g(-13). Let b(z) = 8*z**2 + 3*z - 5. What is the hundreds digit of b(u)?
1
Let n(a) be the first derivative of -59*a**2/2 + 22*a - 1. What is the tens digit of n(-3)?
9
Let t = -87 - 9. Let n = t + 160. What is the tens digit of n?
6
Let v be ((-119)/5 - -1)*20/2. Let j = 334 + v. What is the tens digit of j?
0
Let d = -64 - -38. What is the units digit of 130/4 + d/52?
2
Let d be (-11)/6 + 1/(-6). Let j = 1 - d. What is the units digit of j?
3
Let v(p) = p**3 + 3*p**2 + p. Let d be v(-2). Let s be d*(-3 - (-38)/(-4)). Let m = 48 + s. What is the units digit of m?
3
Let a(b) = b**2 - 3*b - 3. Let i be a(4). Let u(p) = p - 2. Let w be u(i). What is the units digit of w*(-90)/((-9)/(-3))?
0
Suppose -5*r + 8 = -22. Let l be (26/5)/(r/(-30)). Let v = l + 42. What is the units digit of v?
6
Let u = -1 - 14. Let p = u - -13. Let d = 17 - p. What is the units digit of d?
9
What is the units digit of 108665/75 - 0 - (-2)/15?
9
Suppose 564*n - 583*n = -59565. What is the thousands digit of n?
3
Suppose f = -f + 34. Suppose 5 - 1 = -5*g + 2*n, f = -g - 5*n. What is the units digit of 2 + g + 0 - -3?
3
Suppose 5*p = -5*l + 8165, -5*p = -5*l - 8*p + 8161. What is the tens digit of l?
3
Let d be 15*(9/30)/((-18)/(-24)). Suppose -3*l + 5*u + 449 = d*u, 0 = -5*l + 3*u + 725. What is the units digit of l?
8
Suppose 0 = 3*q - 6 - 9. Suppose -q*x + 20 = 6*f - f, f = -3*x + 6. Suppose f*d + 11 = 44. What is the units digit of d?
1
What is the units digit of ((-60)/(-4))/((-81)/(-8154))?
0
What is the units digit of (-3 - 3) + -4 - -2672?
2
Let c = -106 + 164. Let m = -60 + 92. Let f = c - m. What is the units digit of f?
6
Suppose 68*v + 23517 = 210313. What is the units digit of v?
7
Suppose -a = -w - 0 + 2, -3*a + w = 2. Suppose a = -13*l + 16*l - 846. What is the tens digit of l?
8
Let u = 7 - 3. Suppose -8 = -u*h + 4. Suppose -13 - 26 = -h*l. What is the units digit of l?
3
Let h(p) = 7*p + p**2 - 17 - 8*p + p**2. What is the hundreds digit of h(8)?
1
Suppose 0 = r - 5*h - 29, -4*r = -r + 4*h - 106. What is